r when 4182 is divided by 573.
171
What is the remainder when 2055 is divided by 709?
637
What is the remainder when 14552 is divided by 14552?
0
What is the remainder when 166098 is divided by 145?
73
What is the remainder when 7559 is divided by 320?
199
What is the remainder when 751303 is divided by 15?
13
Calculate the remainder when 26004 is divided by 4285.
294
What is the remainder when 326264 is divided by 65245?
39
What is the remainder when 26186 is divided by 2180?
26
What is the remainder when 150715 is divided by 30?
25
Calculate the remainder when 42979 is divided by 72.
67
What is the remainder when 5614 is divided by 53?
49
Calculate the remainder when 41097 is divided by 20548.
1
Calculate the remainder when 13059 is divided by 6401.
257
Calculate the remainder when 2760 is divided by 2731.
29
Calculate the remainder when 11007 is divided by 486.
315
What is the remainder when 56350 is divided by 17?
12
What is the remainder when 16342 is divided by 42?
4
What is the remainder when 11996 is divided by 400?
396
Calculate the remainder when 13488 is divided by 4473.
69
What is the remainder when 1039354 is divided by 18?
16
Calculate the remainder when 111996 is divided by 111995.
1
Calculate the remainder when 5786 is divided by 41.
5
What is the remainder when 46592 is divided by 54?
44
Calculate the remainder when 3788784 is divided by 13.
12
What is the remainder when 47804 is divided by 583?
581
Calculate the remainder when 30496 is divided by 297.
202
Calculate the remainder when 6110 is divided by 49.
34
Calculate the remainder when 407082 is divided by 40707.
12
Calculate the remainder when 78331 is divided by 192.
187
Calculate the remainder when 1837 is divided by 30.
7
What is the remainder when 5224798 is divided by 200?
198
Calculate the remainder when 108272 is divided by 15459.
59
Calculate the remainder when 5031 is divided by 989.
86
What is the remainder when 64826 is divided by 33?
14
What is the remainder when 3639813 is divided by 162?
159
Calculate the remainder when 5635 is divided by 831.
649
What is the remainder when 44072 is divided by 226?
2
Calculate the remainder when 2580 is divided by 78.
6
Calculate the remainder when 47854 is divided by 997.
995
What is the remainder when 9303 is divided by 490?
483
Calculate the remainder when 585797 is divided by 101.
98
What is the remainder when 193514 is divided by 410?
404
Calculate the remainder when 3792 is divided by 276.
204
Calculate the remainder when 30322 is divided by 212.
6
Calculate the remainder when 296958 is divided by 40.
38
Calculate the remainder when 4643 is divided by 2299.
45
What is the remainder when 716 is divided by 182?
170
Calculate the remainder when 168917 is divided by 56148.
473
What is the remainder when 5603 is divided by 65?
13
What is the remainder when 1234 is divided by 198?
46
Calculate the remainder when 2674 is divided by 96.
82
What is the remainder when 1882 is divided by 457?
54
What is the remainder when 8100 is divided by 105?
15
Calculate the remainder when 15018 is divided by 4997.
27
Calculate the remainder when 8924 is divided by 293.
134
Calculate the remainder when 1087 is divided by 522.
43
What is the remainder when 113277 is divided by 944?
941
Calculate the remainder when 8008 is divided by 32.
8
What is the remainder when 5046 is divided by 2943?
2103
What is the remainder when 120116 is divided by 20?
16
What is the remainder when 23295 is divided by 1880?
735
What is the remainder when 792 is divided by 67?
55
What is the remainder when 471 is divided by 180?
111
Calculate the remainder when 10185 is divided by 3386.
27
What is the remainder when 35171 is divided by 5855?
41
What is the remainder when 9753 is divided by 125?
3
Calculate the remainder when 2078 is divided by 130.
128
Calculate the remainder when 37721 is divided by 13.
8
Calculate the remainder when 274941 is divided by 86.
85
Calculate the remainder when 1915 is divided by 158.
19
What is the remainder when 18488 is divided by 105?
8
Calculate the remainder when 1061196 is divided by 40.
36
Calculate the remainder when 186 is divided by 136.
50
What is the remainder when 218193 is divided by 198?
195
Calculate the remainder when 27113 is divided by 20.
13
What is the remainder when 64901 is divided by 266?
263
Calculate the remainder when 30894 is divided by 552.
534
What is the remainder when 120357 is divided by 692?
641
Calculate the remainder when 1630436 is divided by 84.
80
Calculate the remainder when 80736 is divided by 203.
145
What is the remainder when 487077 is divided by 135?
132
Calculate the remainder when 1084 is divided by 398.
288
Calculate the remainder when 875 is divided by 105.
35
What is the remainder when 40467 is divided by 71?
68
What is the remainder when 19798 is divided by 47?
11
Calculate the remainder when 198573 is divided by 252.
249
What is the remainder when 43260 is divided by 509?
504
Calculate the remainder when 11053 is divided by 5510.
33
Calculate the remainder when 3246 is divided by 36.
6
What is the remainder when 7582 is divided by 688?
14
What is the remainder when 9510 is divided by 36?
6
Calculate the remainder when 80453 is divided by 138.
137
Calculate the remainder when 225693 is divided by 280.
13
Calculate the remainder when 1673 is divided by 142.
111
What is the remainder when 128761 is divided by 9196?
17
What is the remainder when 4692 is divided by 222?
30
What is the remainder when 40439 is divided by 13449?
92
Calculate the remainder when 2120 is divided by 255.
80
What is the remainder when 88466 is divided by 2209?
106
What is the remainder when 13305 is divided by 4422?
39
What is the remainder when 1287 is divided by 351?
234
Calculate the remainder when 20627 is divided by 669.
557
What is the remainder when 27389 is divided by 27386?
3
Calculate the remainder when 4224 is divided by 596.
52
What is the remainder when 32279 is divided by 83?
75
What is the remainder when 221708 is divided by 298?
294
What is the remainder when 43983 is divided by 411?
6
Calculate the remainder when 15760 is divided by 164.
16
Calculate the remainder when 52770 is divided by 147.
144
What is the remainder when 150491 is divided by 37613?
39
What is the remainder when 687747 is divided by 875?
872
What is the remainder when 108454 is divided by 2126?
28
Calculate the remainder when 48913 is divided by 5433.
16
Calculate the remainder when 189719 is divided by 180.
179
What is the remainder when 25458 is divided by 12706?
46
What is the remainder when 13718 is divided by 80?
38
What is the remainder when 2744 is divided by 505?
219
Calculate the remainder when 3082 is divided by 18.
4
What is the remainder when 2919273 is divided by 23?
21
What is the remainder when 1463 is divided by 1224?
239
What is the remainder when 14245 is divided by 878?
197
What is the remainder when 5374 is divided by 286?
226
What is the remainder when 7205 is divided by 60?
5
Calculate the remainder when 26956 is divided by 254.
32
What is the remainder when 4749 is divided by 80?
29
What is the remainder when 13829 is divided by 525?
179
What is the remainder when 8549 is divided by 16?
5
What is the remainder when 1123979 is divided by 55?
54
Calculate the remainder when 9705 is divided by 233.
152
Calculate the remainder when 39734 is divided by 13242.
8
Calculate the remainder when 541 is divided by 101.
36
Calculate the remainder when 7600 is divided by 436.
188
What is the remainder when 102638 is divided by 301?
298
Calculate the remainder when 3436 is divided by 1587.
262
Calculate the remainder when 13304 is divided by 46.
10
What is the remainder when 39208 is divided by 113?
110
What is the remainder when 125426 is divided by 31353?
14
Calculate the remainder when 9775 is divided by 30.
25
Calculate the remainder when 8474 is divided by 4074.
326
Calculate the remainder when 283397 is divided by 14914.
31
What is the remainder when 103671 is divided by 40?
31
Calculate the remainder when 14975 is divided by 7454.
67
Calculate the remainder when 1381899 is divided by 109.
106
What is the remainder when 1682 is divided by 74?
54
What is the remainder when 40104 is divided by 581?
15
Calculate the